et f = 1 + 2. Let c be 2/f + 12/9. Suppose c*m - 10 = -3*m. What is the units digit of m?
2
Let v = 1 + -1. Suppose 33 = -v*i + 3*i. What is the units digit of i?
1
Let c = 94 - 39. What is the tens digit of c?
5
Suppose -4*j - 4*x + 12 + 12 = 0, 4*j - x - 19 = 0. Suppose 0 = -t - j*k - 21, 3*t - 2*t + 16 = -4*k. Let l = -3 + t. What is the units digit of l?
1
Suppose -12*y = -11*y. Let q = 1 + 12. Suppose 0*l + 13 = l - 2*v, y = -4*l - 5*v - q. What is the units digit of l?
3
Suppose v - 2*v + 2*z + 8 = 0, -3*v = -4*z - 20. Let i = 11 - v. Suppose -j - 5*p = -i, 0*p = 4*j - p - 28. What is the units digit of j?
7
Suppose -3*s - 3 = -15. Suppose -p + 2*h + 1 = 5*h, 4*h + 28 = -s*p. Let j = p - -19. What is the units digit of j?
8
Let a be (1 + 0)*0 + 1. Let h = 2 + a. Suppose -9 = -z + h. What is the units digit of z?
2
Let y = 3 + 25. Suppose 0 = -3*k + x + 14 + 2, -2*x = 4*k - y. What is the units digit of k?
6
Suppose 148 + 104 = -4*u. Let p = 293 + u. What is the tens digit of p/14 + (-6)/14?
1
Suppose 0 = 3*q + 2*q + w + 8, -2*q = -2*w + 8. What is the units digit of (q/4)/((-4)/56)?
7
Let k(v) = 13*v**3. Let x(z) = -z - 3. Let s be x(-4). What is the units digit of k(s)?
3
Let f = 14 + -8. Suppose -2*k - k + f = 0. What is the units digit of (1/(-1))/(k/(-18))?
9
Let n(j) = -j - 1. Let y be n(-8). Suppose -4*b = -5*b + y. What is the units digit of b?
7
Suppose -4*k + 51 - 11 = 0. Suppose -5*i = -k*i + 2*l + 30, -15 = -3*l. What is the units digit of i?
8
Suppose 3*j + n = 8, -2*n - 4 = 2*n. Suppose i + j*v + 0*v - 25 = 0, 0 = v - 2. What is the units digit of i?
9
Let f(g) be the first derivative of g**3/3 - 7*g**2/2 - 2*g - 3. Let o be f(9). What is the units digit of o/2 + 2 + -3?
7
Let z(r) = -r**2 - 6*r - 3. Let p be z(-5). Let t be p/((12/(-27))/2). Let d = -3 - t. What is the units digit of d?
6
Suppose -38 = -3*n + 28. Suppose k = 2*m - n, 2*m = 6*m + 2*k - 44. What is the tens digit of m?
1
Suppose 4*x = -x - 5, -2*p + 94 = -4*x. Suppose 0*m - p = -5*m. What is the units digit of m?
9
Let g = -11 + 14. Suppose -g*j + 0*j + 18 = 0. What is the units digit of j?
6
Let i = -14 + 19. What is the units digit of i?
5
Let f(z) = 3*z**2 + 2*z**2 - z**2 - 2. Let h(y) = 20*y**2 - 11. Let a(k) = 11*f(k) - 2*h(k). What is the units digit of a(1)?
4
Suppose 3*j + 15 = 4*b, 5 - 11 = b - 4*j. What is the units digit of (-3)/b - (-31)/2?
5
Suppose -x = 1 - 3. Let b(t) = 23*t - 3. What is the tens digit of b(x)?
4
Suppose t + 3 = 1. Let a be (-145)/(-45) + t/9. Suppose 40 = a*b + b. What is the units digit of b?
0
Suppose -2*w - 2*w - 5*i + 340 = 0, 2*i = 0. What is the tens digit of w?
8
Suppose -5*r = 4*n - 27, 4*n = 2*n - r + 9. Let w be 0 - (2 - n) - -12. Let m = -6 + w. What is the units digit of m?
7
Let s = 2 - -6. Suppose 2*x - k = s, 0 = 2*x - 3*x + 4*k + 18. What is the units digit of x?
2
Suppose -3*q = 4*m, 3*q - 2*m + 5*m = 0. Suppose -5*u = -q*v - v - 5, 47 = 5*v - u. What is the units digit of v?
0
Let i = 413 - 191. What is the tens digit of i?
2
Let c be (21/(-9) + 3)*-3. What is the units digit of (2 - 0)*(-3)/c?
3
Suppose -5*j - 5*p = 0, -4*j = -j + 4*p + 3. Suppose -5*k + j*i + 109 = 0, -3*k + 0*i + 73 = 2*i. What is the units digit of k?
3
What is the hundreds digit of 123 + (-6 - (-9 - -5))?
1
Let m(q) be the first derivative of 5*q**2/2 - 7*q - 3. What is the units digit of m(6)?
3
Suppose -5*p + u + 54 = 0, 3*p - 34 = -4*u + 5*u. What is the units digit of p?
0
Suppose -n + 6 = 4*m - 191, -4*n + 5*m = -767. What is the units digit of n?
3
Suppose -45 = -4*b + 3. Let a be 51/b + (-2)/8. Suppose 4*u = x + a*x - 46, 0 = 5*x + 5*u - 10. What is the units digit of x?
6
Let r be 1/1 + (13 - 1). Suppose 4*w - r = 7. Suppose 0*h - w*h + 20 = 0. What is the units digit of h?
4
Let a(b) = 27*b + 3. What is the units digit of a(2)?
7
Suppose -4*q - 3*r = -267, -5*q - r - 3*r = -333. What is the units digit of q?
9
Let z(k) = -4*k**2 - 13*k + 16. Let y(w) = w**2 + 3*w - 4. Let x(d) = 9*y(d) + 2*z(d). Let n be (-78)/21 + (-4)/14. What is the units digit of x(n)?
8
Suppose 0 = d - 1 - 1. Suppose -5*v + 4*y = -0*v + 2, 2 = -d*v + 2*y. What is the units digit of v?
2
Suppose 0 = 3*k - 0*k - 264. Let n = k - 2. Suppose n = b + 4*b - 2*q, 0 = 2*b + q - 38. What is the units digit of b?
8
Suppose -2*r + 4*t - 11 = t, -r + 3*t - 4 = 0. Let d = 17 + r. What is the units digit of d?
0
Suppose -5*c + 10*c - 15 = 0. Suppose -4*k + 180 = -3*x, 0*x = -3*k + c*x + 135. Suppose h = 6*h - k. What is the units digit of h?
9
Let j = 8 + -6. Let l(m) = -m - 2. Let n be l(-4). Suppose -n*y = -j - 16. What is the units digit of y?
9
What is the tens digit of 2 + 14/(-10) - 1510/(-25)?
6
What is the tens digit of 1*(-5 + 3)*-7?
1
Let u(k) = k**2 - 6*k - 3. Let q be u(5). What is the units digit of 26*((-44)/q - 4)?
9
Suppose 6 = 2*q + 4*n - 10, -5*q - 4*n = -22. Suppose 0 = -3*d + q*d - 9. Let s = 18 + d. What is the units digit of s?
9
Let c(t) = 4*t**2 + t - 1. Let q be c(1). Suppose -q*s + 4 + 12 = 0. What is the units digit of s?
4
Let y = -4 - -1. Let c be 4/(-6)*9/y. Suppose c*w + 2*w - 28 = 0. What is the units digit of w?
7
Let z(c) = -c**3 - 4*c**2 + 3*c + 4. What is the units digit of z(-5)?
4
Let f(n) = -35*n - 42. What is the units digit of f(-10)?
8
Let b(f) = f**2 - 11*f + 1. Let y be b(6). Let q be 2*(y - 1)/(-3). Let z = -14 + q. What is the units digit of z?
6
Let q = -234 - -621. What is the hundreds digit of q?
3
Let k be ((-6)/9)/(2/18). What is the units digit of 2/6*(k - -33)?
9
What is the tens digit of (-4 + 132/(-8))*-2*1?
4
Let t(v) = -5*v**2 + 7*v - 1. Let q(x) = 14*x**2 - 21*x + 3. Let k = -7 - -24. Let o(p) = k*t(p) + 6*q(p). What is the units digit of o(-4)?
3
Let s = -1 + 8. What is the units digit of s?
7
What is the tens digit of (227 + 1)*12/18?
5
Let k(s) = s - 5. Let t be k(5). What is the units digit of (-8 + 10)*(t + 3)?
6
Let c = 355 + -173. What is the tens digit of c?
8
Let k = 97 - 52. What is the tens digit of k?
4
Let m(s) = -s. Let l(g) = 10*g - 4. Let n(h) = l(h) + 8*m(h). Suppose 6*y - 3*y + 34 = 5*w, -5*w + 36 = -2*y. What is the tens digit of n(w)?
1
Let j be (-11)/(-3) + 16/(-24). Let p = j + 30. What is the units digit of p?
3
Let w(g) = -g - 4. Let q be w(-4). What is the units digit of ((q + 2)/1)/1?
2
Suppose h + 0*h - 43 = 0. What is the tens digit of h?
4
Let n = 4 - 0. Suppose 0*g + n*g = 4*y + 24, 0 = -g + 5*y + 18. What is the units digit of g*(2 - 15/9)?
1
Suppose -r - 5*m = -3*r + 55, -2*m = 3*r - 92. What is the units digit of r?
0
Suppose 0 = -d + 3*d + 20. Let r = d - -15. What is the units digit of r?
5
Let c = -42 + 79. What is the tens digit of c?
3
Suppose -4*i - 420 = -5*j, -3*j - 3*i = -6*j + 249. Suppose -12*x = -16*x + j. What is the units digit of x?
2
Let t(m) = -m**2 + 44*m - 62. What is the tens digit of t(33)?
0
Let a = -9 - -14. Suppose 0 = u - 17 - a. What is the units digit of u?
2
Let w be (-5)/10 + 241/(-2). Let u = w + 170. What is the units digit of u?
9
Suppose 2*t + 6 = 4*t. Suppose t*f - 10 = f. What is the units digit of f?
5
Let g(i) = i - 4. What is the units digit of g(13)?
9
Let i(z) = 7*z - 10. Let a(j) be the first derivative of j - 4. Let b(s) = 5*a(s) + i(s). What is the units digit of b(4)?
3
Let j(z) = -11 - 2*z - z**3 - z**2 + 0*z**2 - 7*z**2. What is the units digit of j(-8)?
5
Let o(m) = m**3 + 8*m**2 + 7*m + 4. Let d be o(-7). Let n = d + -1. What is the units digit of 2/n*3 - -8?
0
What is the units digit of 20/(-6)*(-54)/6?
0
Let z = -11 - -14. Suppose z*d - 2 = 49. What is the tens digit of d?
1
Let k be ((-4)/(-6))/((-2)/12). Let b(n) = -n**3 + n + 1 + 3*n + 1 - 3*n**2. What is the units digit of b(k)?
2
Let n = 3 + 158. What is the hundreds digit of n?
1
Let q be (-155)/(-30) + 2/(-12). Suppose 7 = -2*z + 7*z - 3*k, 0 = q*z - 2*k - 8. What is the units digit of z?
2
Suppose -m - 114 = -4*m. What is the units digit of m?
8
Suppose -95 - 5 = -5*t. Let f = -8 + t. What is the units digit of f?
2
Let i be (-3)/(-2 - 75/(-37)). Suppose 3*b + 4 = -2. What is the units digit of b/5 - i/15?
7
Let s(c) = c**2 + 9*c + 16. What is the units digit of s(-7)?
2
Let k = 11 + -9. What is the units digit of k?
2
Let p(a) = -a**3 - 8*a**2 - 10*a - 7. Let h be p(-7